{"id":2112,"date":"2023-04-14T10:40:34","date_gmt":"2023-04-14T08:40:34","guid":{"rendered":"http:\/\/nowak-papantoniou.net\/?page_id=2112"},"modified":"2023-04-15T21:08:01","modified_gmt":"2023-04-15T19:08:01","slug":"a-propos","status":"publish","type":"page","link":"https:\/\/nowak-papantoniou.net\/?page_id=2112","title":{"rendered":"A propos"},"content":{"rendered":"\n<p>Franco-grec.<br \/>Po\u00e8te, performer, traducteur.<br \/>Nombreuses interventions performatives et en revue (Teste, Nioques, Attaques..). Dernier livre&nbsp;:&nbsp;<em>\u00e7a ne tient plus,  <\/em>S\u00e9rie discr\u00e8te, 2022.<\/p>\n\n\n\n<p><strong>Po\u00e8te, lecteur et performeur.&nbsp;<\/strong>Nombreuses lectures et interventions, notamment au CipM, au Palais de Tokyo, au festival de vid\u00e9o exp\u00e9rimentale, \u00e0 Actoral, au festival Voix de la M\u00e9diterran\u00e9e&nbsp;de Lod\u00e8ve, \u00e0 Oran et \u00e0 Ath\u00e8nes. <\/p>\n\n\n\n<p>Nomin\u00e9 pour le prix Bernard Heidsieck&nbsp;\u2014&nbsp;centre Pompidou 2018. Membre du comit\u00e9 de r\u00e9daction de la revue Nioques.<\/p>\n\n\n\n<p><strong>Chercheur<\/strong>, docteur en litt\u00e9rature g\u00e9n\u00e9rale et compar\u00e9e Sp\u00e9cialis\u00e9 en po\u00e9sie, performance, recherche-cr\u00e9ation. <\/p>\n\n\n\n<p><strong>Animateur<\/strong> d&rsquo;ateliers de cr\u00e9ation.<\/p>\n\n\n<div class=\"wp-block-image\">\n<figure class=\"alignleft size-full\"><a href=\"https:\/\/nowak-papantoniou.net\/wp-content\/uploads\/2023\/04\/2042_auteur_20100710173823.jpg\"><img loading=\"lazy\" decoding=\"async\" width=\"300\" height=\"200\" src=\"https:\/\/nowak-papantoniou.net\/wp-content\/uploads\/2023\/04\/2042_auteur_20100710173823.jpg\" alt=\"Photo Cipm\" class=\"wp-image-2113\"\/><\/a><\/figure>\n<\/div>","protected":false},"excerpt":{"rendered":"<p>Franco-grec.Po\u00e8te, performer, traducteur.Nombreuses interventions performatives et en revue (Teste, Nioques, Attaques..). Dernier livre&nbsp;:&nbsp;\u00e7a ne tient plus, S\u00e9rie discr\u00e8te, 2022. Po\u00e8te, lecteur et performeur.&nbsp;Nombreuses lectures et interventions, notamment au CipM, au Palais de Tokyo, au festival de vid\u00e9o exp\u00e9rimentale, \u00e0 Actoral, &hellip; <a href=\"https:\/\/nowak-papantoniou.net\/?page_id=2112\">Continuer la lecture <span class=\"meta-nav\">&rarr;<\/span><\/a><\/p>\n","protected":false},"author":1,"featured_media":0,"parent":0,"menu_order":0,"comment_status":"closed","ping_status":"closed","template":"","meta":{"footnotes":""},"class_list":["post-2112","page","type-page","status-publish","hentry"],"yoast_head":"<!-- This site is optimized with the Yoast SEO plugin v27.4 - https:\/\/yoast.com\/product\/yoast-seo-wordpress\/ -->\n<title>A propos - St\u00e9phane Nowak Papantoniou<\/title>\n<meta name=\"description\" content=\"Franco-grec .Po\u00e8te, performer, traducteur, chercheur, animateur.Nombreuses interventions performatives et en revue\" \/>\n<meta name=\"robots\" content=\"index, follow, max-snippet:-1, max-image-preview:large, max-video-preview:-1\" \/>\n<link rel=\"canonical\" href=\"https:\/\/nowak-papantoniou.net\/?page_id=2112\" \/>\n<meta property=\"og:locale\" content=\"fr_FR\" \/>\n<meta property=\"og:type\" content=\"article\" \/>\n<meta property=\"og:title\" content=\"A propos - St\u00e9phane Nowak Papantoniou\" \/>\n<meta property=\"og:description\" content=\"Franco-grec .Po\u00e8te, performer, traducteur, chercheur, animateur.Nombreuses interventions performatives et en revue\" \/>\n<meta property=\"og:url\" content=\"https:\/\/nowak-papantoniou.net\/?page_id=2112\" \/>\n<meta property=\"og:site_name\" content=\"Laboratoire de St\u00e9phane Nowak Papantoniou\" \/>\n<meta property=\"article:modified_time\" content=\"2023-04-15T19:08:01+00:00\" \/>\n<meta property=\"og:image\" content=\"http:\/\/nowak-papantoniou.net\/wp-content\/uploads\/2023\/04\/2042_auteur_20100710173823.jpg\" \/>\n<meta name=\"twitter:card\" content=\"summary_large_image\" \/>\n<meta name=\"twitter:label1\" content=\"Dur\u00e9e de lecture estim\u00e9e\" \/>\n\t<meta name=\"twitter:data1\" content=\"1 minute\" \/>\n<script type=\"application\/ld+json\" class=\"yoast-schema-graph\">{\"@context\":\"https:\\\/\\\/schema.org\",\"@graph\":[{\"@type\":\"WebPage\",\"@id\":\"https:\\\/\\\/nowak-papantoniou.net\\\/?page_id=2112\",\"url\":\"https:\\\/\\\/nowak-papantoniou.net\\\/?page_id=2112\",\"name\":\"A propos - St\u00e9phane Nowak Papantoniou\",\"isPartOf\":{\"@id\":\"https:\\\/\\\/nowak-papantoniou.net\\\/#website\"},\"primaryImageOfPage\":{\"@id\":\"https:\\\/\\\/nowak-papantoniou.net\\\/?page_id=2112#primaryimage\"},\"image\":{\"@id\":\"https:\\\/\\\/nowak-papantoniou.net\\\/?page_id=2112#primaryimage\"},\"thumbnailUrl\":\"http:\\\/\\\/nowak-papantoniou.net\\\/wp-content\\\/uploads\\\/2023\\\/04\\\/2042_auteur_20100710173823.jpg\",\"datePublished\":\"2023-04-14T08:40:34+00:00\",\"dateModified\":\"2023-04-15T19:08:01+00:00\",\"description\":\"Franco-grec .Po\u00e8te, performer, traducteur, chercheur, animateur.Nombreuses interventions performatives et en revue\",\"breadcrumb\":{\"@id\":\"https:\\\/\\\/nowak-papantoniou.net\\\/?page_id=2112#breadcrumb\"},\"inLanguage\":\"fr-FR\",\"potentialAction\":[{\"@type\":\"ReadAction\",\"target\":[\"https:\\\/\\\/nowak-papantoniou.net\\\/?page_id=2112\"]}]},{\"@type\":\"ImageObject\",\"inLanguage\":\"fr-FR\",\"@id\":\"https:\\\/\\\/nowak-papantoniou.net\\\/?page_id=2112#primaryimage\",\"url\":\"http:\\\/\\\/nowak-papantoniou.net\\\/wp-content\\\/uploads\\\/2023\\\/04\\\/2042_auteur_20100710173823.jpg\",\"contentUrl\":\"http:\\\/\\\/nowak-papantoniou.net\\\/wp-content\\\/uploads\\\/2023\\\/04\\\/2042_auteur_20100710173823.jpg\"},{\"@type\":\"BreadcrumbList\",\"@id\":\"https:\\\/\\\/nowak-papantoniou.net\\\/?page_id=2112#breadcrumb\",\"itemListElement\":[{\"@type\":\"ListItem\",\"position\":1,\"name\":\"Accueil\",\"item\":\"https:\\\/\\\/nowak-papantoniou.net\\\/\"},{\"@type\":\"ListItem\",\"position\":2,\"name\":\"A propos\"}]},{\"@type\":\"WebSite\",\"@id\":\"https:\\\/\\\/nowak-papantoniou.net\\\/#website\",\"url\":\"https:\\\/\\\/nowak-papantoniou.net\\\/\",\"name\":\"Laboratoire de St\u00e9phane Nowak Papantoniou\",\"description\":\"labo textuel, visuel et sonore\",\"publisher\":{\"@id\":\"https:\\\/\\\/nowak-papantoniou.net\\\/#\\\/schema\\\/person\\\/d43605ef0d5681c1b27a4ba1fede1cf4\"},\"potentialAction\":[{\"@type\":\"SearchAction\",\"target\":{\"@type\":\"EntryPoint\",\"urlTemplate\":\"https:\\\/\\\/nowak-papantoniou.net\\\/?s={search_term_string}\"},\"query-input\":{\"@type\":\"PropertyValueSpecification\",\"valueRequired\":true,\"valueName\":\"search_term_string\"}}],\"inLanguage\":\"fr-FR\"},{\"@type\":[\"Person\",\"Organization\"],\"@id\":\"https:\\\/\\\/nowak-papantoniou.net\\\/#\\\/schema\\\/person\\\/d43605ef0d5681c1b27a4ba1fede1cf4\",\"name\":\"St\u00e9phane Nowak Papantoniou\",\"logo\":{\"@id\":\"https:\\\/\\\/nowak-papantoniou.net\\\/#\\\/schema\\\/person\\\/image\\\/\"}}]}<\/script>\n<!-- \/ Yoast SEO plugin. -->","yoast_head_json":{"title":"A propos - St\u00e9phane Nowak Papantoniou","description":"Franco-grec .Po\u00e8te, performer, traducteur, chercheur, animateur.Nombreuses interventions performatives et en revue","robots":{"index":"index","follow":"follow","max-snippet":"max-snippet:-1","max-image-preview":"max-image-preview:large","max-video-preview":"max-video-preview:-1"},"canonical":"https:\/\/nowak-papantoniou.net\/?page_id=2112","og_locale":"fr_FR","og_type":"article","og_title":"A propos - St\u00e9phane Nowak Papantoniou","og_description":"Franco-grec .Po\u00e8te, performer, traducteur, chercheur, animateur.Nombreuses interventions performatives et en revue","og_url":"https:\/\/nowak-papantoniou.net\/?page_id=2112","og_site_name":"Laboratoire de St\u00e9phane Nowak Papantoniou","article_modified_time":"2023-04-15T19:08:01+00:00","og_image":[{"url":"http:\/\/nowak-papantoniou.net\/wp-content\/uploads\/2023\/04\/2042_auteur_20100710173823.jpg","type":"","width":"","height":""}],"twitter_card":"summary_large_image","twitter_misc":{"Dur\u00e9e de lecture estim\u00e9e":"1 minute"},"schema":{"@context":"https:\/\/schema.org","@graph":[{"@type":"WebPage","@id":"https:\/\/nowak-papantoniou.net\/?page_id=2112","url":"https:\/\/nowak-papantoniou.net\/?page_id=2112","name":"A propos - St\u00e9phane Nowak Papantoniou","isPartOf":{"@id":"https:\/\/nowak-papantoniou.net\/#website"},"primaryImageOfPage":{"@id":"https:\/\/nowak-papantoniou.net\/?page_id=2112#primaryimage"},"image":{"@id":"https:\/\/nowak-papantoniou.net\/?page_id=2112#primaryimage"},"thumbnailUrl":"http:\/\/nowak-papantoniou.net\/wp-content\/uploads\/2023\/04\/2042_auteur_20100710173823.jpg","datePublished":"2023-04-14T08:40:34+00:00","dateModified":"2023-04-15T19:08:01+00:00","description":"Franco-grec .Po\u00e8te, performer, traducteur, chercheur, animateur.Nombreuses interventions performatives et en revue","breadcrumb":{"@id":"https:\/\/nowak-papantoniou.net\/?page_id=2112#breadcrumb"},"inLanguage":"fr-FR","potentialAction":[{"@type":"ReadAction","target":["https:\/\/nowak-papantoniou.net\/?page_id=2112"]}]},{"@type":"ImageObject","inLanguage":"fr-FR","@id":"https:\/\/nowak-papantoniou.net\/?page_id=2112#primaryimage","url":"http:\/\/nowak-papantoniou.net\/wp-content\/uploads\/2023\/04\/2042_auteur_20100710173823.jpg","contentUrl":"http:\/\/nowak-papantoniou.net\/wp-content\/uploads\/2023\/04\/2042_auteur_20100710173823.jpg"},{"@type":"BreadcrumbList","@id":"https:\/\/nowak-papantoniou.net\/?page_id=2112#breadcrumb","itemListElement":[{"@type":"ListItem","position":1,"name":"Accueil","item":"https:\/\/nowak-papantoniou.net\/"},{"@type":"ListItem","position":2,"name":"A propos"}]},{"@type":"WebSite","@id":"https:\/\/nowak-papantoniou.net\/#website","url":"https:\/\/nowak-papantoniou.net\/","name":"Laboratoire de St\u00e9phane Nowak Papantoniou","description":"labo textuel, visuel et sonore","publisher":{"@id":"https:\/\/nowak-papantoniou.net\/#\/schema\/person\/d43605ef0d5681c1b27a4ba1fede1cf4"},"potentialAction":[{"@type":"SearchAction","target":{"@type":"EntryPoint","urlTemplate":"https:\/\/nowak-papantoniou.net\/?s={search_term_string}"},"query-input":{"@type":"PropertyValueSpecification","valueRequired":true,"valueName":"search_term_string"}}],"inLanguage":"fr-FR"},{"@type":["Person","Organization"],"@id":"https:\/\/nowak-papantoniou.net\/#\/schema\/person\/d43605ef0d5681c1b27a4ba1fede1cf4","name":"St\u00e9phane Nowak Papantoniou","logo":{"@id":"https:\/\/nowak-papantoniou.net\/#\/schema\/person\/image\/"}}]}},"_links":{"self":[{"href":"https:\/\/nowak-papantoniou.net\/index.php?rest_route=\/wp\/v2\/pages\/2112","targetHints":{"allow":["GET"]}}],"collection":[{"href":"https:\/\/nowak-papantoniou.net\/index.php?rest_route=\/wp\/v2\/pages"}],"about":[{"href":"https:\/\/nowak-papantoniou.net\/index.php?rest_route=\/wp\/v2\/types\/page"}],"author":[{"embeddable":true,"href":"https:\/\/nowak-papantoniou.net\/index.php?rest_route=\/wp\/v2\/users\/1"}],"replies":[{"embeddable":true,"href":"https:\/\/nowak-papantoniou.net\/index.php?rest_route=%2Fwp%2Fv2%2Fcomments&post=2112"}],"version-history":[{"count":4,"href":"https:\/\/nowak-papantoniou.net\/index.php?rest_route=\/wp\/v2\/pages\/2112\/revisions"}],"predecessor-version":[{"id":2165,"href":"https:\/\/nowak-papantoniou.net\/index.php?rest_route=\/wp\/v2\/pages\/2112\/revisions\/2165"}],"wp:attachment":[{"href":"https:\/\/nowak-papantoniou.net\/index.php?rest_route=%2Fwp%2Fv2%2Fmedia&parent=2112"}],"curies":[{"name":"wp","href":"https:\/\/api.w.org\/{rel}","templated":true}]}}